 - z + 13. Let c be t(9). Suppose -4*b + 3*b + c = 0. Is b a prime number?
False
Let a(y) = y**3 + y**2 + 1. Let c(l) = 3*l**3 - 5*l**2 + 8*l + 6. Let t(o) = -4*a(o) + c(o). Let m be t(-10). Is 6494/m - (-16)/(-88) prime?
False
Let j = -5 - -20. Let r(v) = -2 + 3 + 3 + j*v. Is r(7) a composite number?
False
Suppose -4524 = -5*n - 4*t + 1841, -t = n - 1272. Is n a composite number?
False
Let f be 54/21*28/3. Is ((-1949)/4)/((-3)/f) prime?
False
Let t = -1154 + 5237. Is t prime?
False
Suppose q - 4*a = a + 732, 2*a = -4*q + 2884. Suppose y + 87 - q = 0. Is y a composite number?
True
Let b be (-18)/(-12) - (-1)/2. Suppose -4*a + 3967 = o, b*a - 950 = 5*o + 1017. Is a a prime number?
True
Let w be 1 + 358 - (-3 - -1). Let d = 48 + w. Let q = d - 50. Is q a composite number?
False
Let n = 25 - 22. Suppose -3*w - m = -9843 + 238, -n*m - 12824 = -4*w. Is w a composite number?
False
Let u be -91 - -87 - (-1)/(1/8). Suppose 3*f + 0*l - 4*l = 2533, u*l + 4211 = 5*f. Is f prime?
True
Let f = 19866 - -47635. Is f a composite number?
True
Suppose -59 = s + 5*d, -3*s - 4*d = -s + 130. Is 0 - (s - (-1 - (-1)/1)) a prime number?
False
Let u = -9 + -82. Is (-2)/14 + (-103116)/u a prime number?
False
Let g = 31 - -84. Suppose -5*u - 2*d + g = -4*u, -5*u + d + 608 = 0. Is u a composite number?
True
Let p be (-1)/((-15)/3978) - 2/10. Let b = 596 - p. Is b prime?
True
Suppose 0*u - 6 = -2*u, -12 = -2*l - 4*u. Suppose l = -d - d. Suppose 5*b + d*b + 7830 = 5*m, 0 = -m + 3*b + 1576. Is m a prime number?
False
Let k(j) = -72*j**2 - 6*j - 10. Let s be k(-3). Let q = s - -1193. Is q composite?
True
Let k(v) = 5*v**3 - 4*v + 5*v**3 + 59 + 3*v - 8*v**3 + v**2. Is k(0) a prime number?
True
Let s = 11361 + -7418. Is s prime?
True
Is (8 + (-17)/2)*-1*63286 prime?
True
Suppose 470849 = 9*r - 794092. Is r a composite number?
False
Let g = 439 - 934. Let x = g + 1142. Is x prime?
True
Suppose -3*c - 3*j + 6*j - 1359 = 0, 2*j = 5*c + 2250. Let q = c + 765. Is q a composite number?
False
Suppose -6 + 0 = -2*t. Suppose -4*u = -4*k + 1016, t*u + 0*u - 5*k = -762. Is u/(4/12 - 1) prime?
False
Let w(y) = 8621*y**3 + 4*y**2 - 5*y + 1. Is w(1) composite?
True
Let z be 101/((-2 - -5) + -2). Let k = -124 + 82. Let u = z + k. Is u a prime number?
True
Suppose -k = k - 4, 3*t - k + 32 = 0. Is (3/((-15)/613))/(2/t) a prime number?
True
Let z(x) = -1694*x + 97. Is z(-8) a composite number?
False
Let f be -1*((-1)/1 + 2) + 3. Suppose -4*i = 4, -f*i = 3*j + 3*i - 3016. Is j prime?
False
Let t = -9 - -9. Suppose 7*g - 6*g - 217 = t. Is g prime?
False
Suppose 16 = 4*a, -12 = -4*y + 5*a - 6*a. Suppose -4*z = -4*t + t + 5, -5*z = -t - 2. Suppose u - 87 = t*g + 2*g, -u + y*g = -93. Is u a composite number?
False
Let m be (1 - 28/1) + -1. Let y = m + -355. Let t = 544 + y. Is t prime?
False
Is (-6066)/(-21) + 2/14 - -4 prime?
True
Suppose -64 = k - 3*w, k - 4*k - 182 = -4*w. Let l = 723 - 608. Let g = l + k. Is g composite?
True
Let x = 212360 + -116101. Is x prime?
True
Let l(h) = -168*h + 2. Let k be l(-4). Suppose -4*s = -2*s - k. Is s a prime number?
True
Let v(r) = -r - 11. Let q be v(-8). Let m be (-6)/(3*q/(-12)). Is (-286)/(-3)*(-12)/m a prime number?
False
Let j(z) = -2920*z + 15. Let n be j(-2). Let h = -3696 + n. Is h composite?
True
Suppose -239 = -3*h - 2*u, -5*h + 35 + 368 = u. Let r be (-18)/h - 29/(-9). Is 213/6 + r/(-6) composite?
True
Let n = 27148 + 30333. Is n prime?
False
Let h be -1029 - (-4 + 3 + 2). Let t = h + 1535. Is t composite?
True
Let d be ((-6)/(-1) - 3) + -1. Suppose -2*k + 8 = w, -3*w + k = 5*k - 16. Suppose -g - 2*j + 376 = g, -d*j - 6 = w. Is g a prime number?
True
Suppose 4*v - 6 = -2*y, -3 = -3*v + 3. Is (-1)/((-2)/156) - y a composite number?
False
Let p(r) be the first derivative of -r + 6 + r**2 + 112/3*r**3. Is p(1) a composite number?
False
Let g(u) = 2*u**3 - 44*u**2 - 36*u - 25. Is g(24) a prime number?
False
Let l(i) = -i**3 + 3*i**2 + 6*i - 6. Let k be l(4). Suppose -k*t - 278 = n + 189, -2*n = t + 940. Let c = 672 + n. Is c prime?
False
Let o be (-4)/(-14) - (4657/7 + -3). Let z = o + 1303. Is z prime?
True
Suppose p - 6452 = 3505. Is p a prime number?
False
Suppose -o - 3*o + 9764 = 0. Is o a prime number?
True
Suppose 5*b + 28 = -17. Is (-7324)/(-28) + b/(-21) a prime number?
False
Let v(x) = 1408*x**2 + 13*x - 52. Is v(3) a composite number?
False
Suppose 0*a + 9 = 3*a. Suppose a*s + 4 = 7. Is (-118)/(-6)*s*3 a prime number?
True
Let h be (-4)/(-3)*54/12. Suppose h*l - 3612 = 3174. Is 2 - 3/((-9)/l) a prime number?
True
Let t(u) = -1 + 1 - 36*u + 8 - 7. Let x be t(1). Is (-5523)/x - 8/10 prime?
True
Suppose 2*d - 9*d + 11697 = 0. Is d prime?
False
Let x = -422070 + 714677. Is x composite?
True
Let n = 12 - 8. Suppose -5*t + 677 = -n*t. Is t composite?
False
Suppose 2*q + q = -3*a + 26454, a = 3*q + 8830. Suppose p + a = 6*p - 4*w, 0 = 4*p + 2*w - 7036. Is p a composite number?
True
Suppose -3*y + 112325 = -r, -6*r - 2 = -5*r. Is y a prime number?
True
Suppose 0 = 14*t + 182533 - 891815. Is t a composite number?
True
Suppose -26593 = -9*w - 3382. Is w a prime number?
True
Is (1/(-9))/((-71)/19686951) prime?
True
Suppose a - 2960 = -q, -5*q + 8540 = 4*a - 6263. Is q prime?
True
Let d be 174/(-8)*(-2 + 38). Let t = -490 - d. Is t a composite number?
False
Let l = 54471 + -32209. Is l a composite number?
True
Let h be (3/(-12)*2)/((-3)/(-16476)). Let b = h + 5175. Is b a composite number?
True
Suppose 7*x + 73 - 87 = 0. Suppose 5*v + x*l - 6817 = -2256, -4*v + 3658 = -3*l. Is v prime?
False
Let z(q) = -q**3 - 5*q**2 - 5*q - 3. Let v be z(-3). Let j(t) = -t**2 - 4*t + 5. Let r be j(v). Let k(f) = 2*f**2 - 5*f. Is k(r) a prime number?
False
Let d = 3339 - 2300. Is d a prime number?
True
Let z(r) = 8*r - 1. Let j be z(1). Let g = -5 + j. Is -1*g - (-73 - 6) a composite number?
True
Suppose -25 = 3*s + 86. Let d(a) = -a**2 - 6*a + 13. Let k be d(3). Let p = k - s. Is p composite?
False
Suppose 223 = -5*f - 2*p - 272, -f - 87 = -2*p. Let b = -42 - f. Suppose -3*i + 2*i = -b. Is i a composite number?
True
Suppose 0 = 5*m - 10, -3*s + 5*m - 6*m + 11 = 0. Suppose -s*c + 511 = -554. Is c a composite number?
True
Let g(a) = -217*a - 178. Let n(p) = 109*p + 89. Let t(z) = 3*g(z) + 7*n(z). Is t(14) a prime number?
True
Let b be 7270/15 - 4/6. Suppose 2*y + b = 3*o, 2*o - 164 = 2*y + 158. Suppose -i = d - 182, 5*d - 2*d + o = i. Is i prime?
False
Let k be 4/6 + (-8)/(-24). Let l be 2/(k/(3/2)). Suppose -l*w + 145 = -236. Is w a prime number?
True
Suppose a - 2*i = 2*i + 2767, 5*i - 15 = 0. Is a prime?
False
Let l(p) = 5*p - 7*p - 2*p**2 + 18*p**2 + 12 - 3*p**2. Is l(-5) a prime number?
True
Suppose 10*d - 54 = 4*d. Suppose -d*j + 10703 = 2540. Is j a composite number?
False
Suppose 592 = -28*d + 48780. Is d composite?
False
Suppose 4*d - 6 = 3*b - 29, -2*d - 7 = -3*b. Let x be (39/26)/((-6)/d). Suppose 0 = -3*m - 0*m - n + 77, 44 = x*m - 3*n. Is m prime?
False
Let z(p) = -217*p**3 + p - 1. Let b be z(1). Let a = -852 + 1512. Let w = a - b. Is w a composite number?
False
Suppose -2*f + 5*p = -50437, 8*p - 9*p = -3*f + 75636. Is f a prime number?
False
Let b = -96 - -99. Suppose -f = -3*i - 3*f + 10231, -13642 = -4*i - b*f. Is i a composite number?
True
Let q(h) be the first derivative of -133*h**3/2 + h**2 + 5*h - 1. Let i(s) be the first derivative of q(s). Is i(-1) composite?
False
Let c be 1/(-1) - 0 - (-2 - 2). Suppose -7*u = c*u - 22430. Is u a prime number?
True
Let t(w) = w**2 - 2*w + 2. Let q be t(2). Suppose -5*k = -d + 1502, q*d - 824 - 2245 = -3*k. Is d prime?
False
Let p(y) = 7*y - 18. Let g be p(6). Let z = -22 + g. Suppose 27 = -z*t + 105. Is t prime?
False
Let r(m) = m**3 + 2*m**2 - 2*m. Let x be r(2). Suppose -3*i - x = -6*i, -4*i = -3*l + 737. Is l a composite number?
False
Suppose -3*q + 2*f - 1538 = -140521, -q - 4*f + 46323 = 0. Is q composite?
False
Let f(r) = r**3 - 9*r**2 - 80*r - 39. Is f(36) prime?
False
Let w = 1347 - 472. Let d = w - 184. Is d composite?
False
Is 414720/225 + (-1)/5 a composite number?
True
Let n(t) be the first derivative of -65*t**2/2 - 9*t + 1. Is n(-4) a composite number?
False
Let v = -121 - -713. Suppose -m = 3*m - v. Suppose 0*s = -4*s + m. Is s a prime number?
True
Let s(t) be the second derivative of 13*t**3/